{"id":407,"date":"2025-07-02T16:44:21","date_gmt":"2025-07-02T14:44:21","guid":{"rendered":"https:\/\/hortec.org\/agricultor\/alba-coll\/"},"modified":"2025-07-02T16:44:21","modified_gmt":"2025-07-02T14:44:21","slug":"alba-coll","status":"publish","type":"agricultor","link":"https:\/\/hortec.org\/es\/agricultor\/alba-coll\/","title":{"rendered":"Alba Coll"},"content":{"rendered":"","protected":false},"excerpt":{"rendered":"","protected":false},"featured_media":0,"menu_order":0,"template":"","meta":{"_acf_changed":false},"class_list":["post-407","agricultor","type-agricultor","status-publish","hentry"],"acf":[],"yoast_head":"<!-- This site is optimized with the Yoast SEO plugin v27.4 - https:\/\/yoast.com\/product\/yoast-seo-wordpress\/ -->\n<title>Alba Coll - Hortec | Agricultura ecol\u00f2gica<\/title>\n<meta name=\"robots\" content=\"index, follow, max-snippet:-1, max-image-preview:large, max-video-preview:-1\" \/>\n<link rel=\"canonical\" href=\"https:\/\/hortec.org\/es\/agricultor\/alba-coll\/\" \/>\n<meta property=\"og:locale\" content=\"es_ES\" \/>\n<meta property=\"og:type\" content=\"article\" \/>\n<meta property=\"og:title\" content=\"Alba Coll - Hortec | Agricultura ecol\u00f2gica\" \/>\n<meta property=\"og:url\" content=\"https:\/\/hortec.org\/es\/agricultor\/alba-coll\/\" \/>\n<meta property=\"og:site_name\" content=\"Hortec | Agricultura ecol\u00f2gica\" \/>\n<meta name=\"twitter:card\" content=\"summary_large_image\" \/>\n<script type=\"application\/ld+json\" class=\"yoast-schema-graph\">{\"@context\":\"https:\\\/\\\/schema.org\",\"@graph\":[{\"@type\":\"WebPage\",\"@id\":\"https:\\\/\\\/hortec.org\\\/es\\\/agricultor\\\/alba-coll\\\/\",\"url\":\"https:\\\/\\\/hortec.org\\\/es\\\/agricultor\\\/alba-coll\\\/\",\"name\":\"Alba Coll - Hortec | Agricultura ecol\u00f2gica\",\"isPartOf\":{\"@id\":\"https:\\\/\\\/hortec.org\\\/es\\\/#website\"},\"datePublished\":\"2025-07-02T14:44:21+00:00\",\"breadcrumb\":{\"@id\":\"https:\\\/\\\/hortec.org\\\/es\\\/agricultor\\\/alba-coll\\\/#breadcrumb\"},\"inLanguage\":\"es\",\"potentialAction\":[{\"@type\":\"ReadAction\",\"target\":[\"https:\\\/\\\/hortec.org\\\/es\\\/agricultor\\\/alba-coll\\\/\"]}]},{\"@type\":\"BreadcrumbList\",\"@id\":\"https:\\\/\\\/hortec.org\\\/es\\\/agricultor\\\/alba-coll\\\/#breadcrumb\",\"itemListElement\":[{\"@type\":\"ListItem\",\"position\":1,\"name\":\"Inici\",\"item\":\"https:\\\/\\\/hortec.org\\\/es\\\/\"},{\"@type\":\"ListItem\",\"position\":2,\"name\":\"Alba Coll\"}]},{\"@type\":\"WebSite\",\"@id\":\"https:\\\/\\\/hortec.org\\\/es\\\/#website\",\"url\":\"https:\\\/\\\/hortec.org\\\/es\\\/\",\"name\":\"Hortec | Agricultura ecol\u00f2gica\",\"description\":\"Des de 1991 compromesos amb el petit comer\u00e7 i l&#039;agricultura ecol\u00f2gica de qualitat i proximitat\",\"potentialAction\":[{\"@type\":\"SearchAction\",\"target\":{\"@type\":\"EntryPoint\",\"urlTemplate\":\"https:\\\/\\\/hortec.org\\\/es\\\/?s={search_term_string}\"},\"query-input\":{\"@type\":\"PropertyValueSpecification\",\"valueRequired\":true,\"valueName\":\"search_term_string\"}}],\"inLanguage\":\"es\"}]}<\/script>\n<!-- \/ Yoast SEO plugin. -->","yoast_head_json":{"title":"Alba Coll - Hortec | Agricultura ecol\u00f2gica","robots":{"index":"index","follow":"follow","max-snippet":"max-snippet:-1","max-image-preview":"max-image-preview:large","max-video-preview":"max-video-preview:-1"},"canonical":"https:\/\/hortec.org\/es\/agricultor\/alba-coll\/","og_locale":"es_ES","og_type":"article","og_title":"Alba Coll - Hortec | Agricultura ecol\u00f2gica","og_url":"https:\/\/hortec.org\/es\/agricultor\/alba-coll\/","og_site_name":"Hortec | Agricultura ecol\u00f2gica","twitter_card":"summary_large_image","schema":{"@context":"https:\/\/schema.org","@graph":[{"@type":"WebPage","@id":"https:\/\/hortec.org\/es\/agricultor\/alba-coll\/","url":"https:\/\/hortec.org\/es\/agricultor\/alba-coll\/","name":"Alba Coll - Hortec | Agricultura ecol\u00f2gica","isPartOf":{"@id":"https:\/\/hortec.org\/es\/#website"},"datePublished":"2025-07-02T14:44:21+00:00","breadcrumb":{"@id":"https:\/\/hortec.org\/es\/agricultor\/alba-coll\/#breadcrumb"},"inLanguage":"es","potentialAction":[{"@type":"ReadAction","target":["https:\/\/hortec.org\/es\/agricultor\/alba-coll\/"]}]},{"@type":"BreadcrumbList","@id":"https:\/\/hortec.org\/es\/agricultor\/alba-coll\/#breadcrumb","itemListElement":[{"@type":"ListItem","position":1,"name":"Inici","item":"https:\/\/hortec.org\/es\/"},{"@type":"ListItem","position":2,"name":"Alba Coll"}]},{"@type":"WebSite","@id":"https:\/\/hortec.org\/es\/#website","url":"https:\/\/hortec.org\/es\/","name":"Hortec | Agricultura ecol\u00f2gica","description":"Des de 1991 compromesos amb el petit comer\u00e7 i l&#039;agricultura ecol\u00f2gica de qualitat i proximitat","potentialAction":[{"@type":"SearchAction","target":{"@type":"EntryPoint","urlTemplate":"https:\/\/hortec.org\/es\/?s={search_term_string}"},"query-input":{"@type":"PropertyValueSpecification","valueRequired":true,"valueName":"search_term_string"}}],"inLanguage":"es"}]}},"_links":{"self":[{"href":"https:\/\/hortec.org\/es\/wp-json\/wp\/v2\/agricultor\/407","targetHints":{"allow":["GET"]}}],"collection":[{"href":"https:\/\/hortec.org\/es\/wp-json\/wp\/v2\/agricultor"}],"about":[{"href":"https:\/\/hortec.org\/es\/wp-json\/wp\/v2\/types\/agricultor"}],"wp:attachment":[{"href":"https:\/\/hortec.org\/es\/wp-json\/wp\/v2\/media?parent=407"}],"curies":[{"name":"wp","href":"https:\/\/api.w.org\/{rel}","templated":true}]}}

<!-- This site is optimized with the Yoast SEO plugin v27.4 - https://yoast.com/product/yoast-seo-wordpress/ -->
<title>Alba Coll - Hortec | Agricultura ecològica</title>
<meta name="robots" content="index, follow, max-snippet:-1, max-image-preview:large, max-video-preview:-1" />
<link rel="canonical" href="https://hortec.org/es/agricultor/alba-coll/" />
<meta property="og:locale" content="es_ES" />
<meta property="og:type" content="article" />
<meta property="og:title" content="Alba Coll - Hortec | Agricultura ecològica" />
<meta property="og:url" content="https://hortec.org/es/agricultor/alba-coll/" />
<meta property="og:site_name" content="Hortec | Agricultura ecològica" />
<meta name="twitter:card" content="summary_large_image" />
<script type="application/ld+json" class="yoast-schema-graph">{"@context":"https:\/\/schema.org","@graph":[{"@type":"WebPage","@id":"https:\/\/hortec.org\/es\/agricultor\/alba-coll\/","url":"https:\/\/hortec.org\/es\/agricultor\/alba-coll\/","name":"Alba Coll - Hortec | Agricultura ecològica","isPartOf":{"@id":"https:\/\/hortec.org\/es\/#website"},"datePublished":"2025-07-02T14:44:21+00:00","breadcrumb":{"@id":"https:\/\/hortec.org\/es\/agricultor\/alba-coll\/#breadcrumb"},"inLanguage":"es","potentialAction":[{"@type":"ReadAction","target":["https:\/\/hortec.org\/es\/agricultor\/alba-coll\/"]}]},{"@type":"BreadcrumbList","@id":"https:\/\/hortec.org\/es\/agricultor\/alba-coll\/#breadcrumb","itemListElement":[{"@type":"ListItem","position":1,"name":"Inici","item":"https:\/\/hortec.org\/es\/"},{"@type":"ListItem","position":2,"name":"Alba Coll"}]},{"@type":"WebSite","@id":"https:\/\/hortec.org\/es\/#website","url":"https:\/\/hortec.org\/es\/","name":"Hortec | Agricultura ecològica","description":"Des de 1991 compromesos amb el petit comerç i l&#039;agricultura ecològica de qualitat i proximitat","potentialAction":[{"@type":"SearchAction","target":{"@type":"EntryPoint","urlTemplate":"https:\/\/hortec.org\/es\/?s={search_term_string}"},"query-input":{"@type":"PropertyValueSpecification","valueRequired":true,"valueName":"search_term_string"}}],"inLanguage":"es"}]}</script>
<!-- / Yoast SEO plugin. -->

Alba Coll - Hortec | Agricultura ecològica

Hortec | Agricultura ecològica

Des de 1991 compromesos amb el petit comerç i l&#039;agricultura ecològica de qualitat i proximitat
