{"id":394,"date":"2025-07-03T15:16:54","date_gmt":"2025-07-03T13:16:54","guid":{"rendered":"https:\/\/hortec.org\/agricultor\/miquel-queralt-vila\/"},"modified":"2025-07-03T15:16:54","modified_gmt":"2025-07-03T13:16:54","slug":"miquel-queralt-vila","status":"publish","type":"agricultor","link":"https:\/\/hortec.org\/es\/agricultor\/miquel-queralt-vila\/","title":{"rendered":"Miquel Queralt Vila"},"content":{"rendered":"","protected":false},"excerpt":{"rendered":"","protected":false},"featured_media":221,"menu_order":0,"template":"","meta":{"_acf_changed":false},"class_list":["post-394","agricultor","type-agricultor","status-publish","has-post-thumbnail","hentry"],"acf":[],"yoast_head":"<!-- This site is optimized with the Yoast SEO plugin v27.4 - https:\/\/yoast.com\/product\/yoast-seo-wordpress\/ -->\n<title>Miquel Queralt Vila - Hortec | Agricultura ecol\u00f2gica<\/title>\n<meta name=\"robots\" content=\"index, follow, max-snippet:-1, max-image-preview:large, max-video-preview:-1\" \/>\n<link rel=\"canonical\" href=\"https:\/\/hortec.org\/es\/agricultor\/miquel-queralt-vila\/\" \/>\n<meta property=\"og:locale\" content=\"es_ES\" \/>\n<meta property=\"og:type\" content=\"article\" \/>\n<meta property=\"og:title\" content=\"Miquel Queralt Vila - Hortec | Agricultura ecol\u00f2gica\" \/>\n<meta property=\"og:url\" content=\"https:\/\/hortec.org\/es\/agricultor\/miquel-queralt-vila\/\" \/>\n<meta property=\"og:site_name\" content=\"Hortec | Agricultura ecol\u00f2gica\" \/>\n<meta property=\"og:image\" content=\"https:\/\/hortec.org\/wp-content\/uploads\/2025\/07\/miquel-queralt-hortec.webp\" \/>\n\t<meta property=\"og:image:width\" content=\"1500\" \/>\n\t<meta property=\"og:image:height\" content=\"1000\" \/>\n\t<meta property=\"og:image:type\" content=\"image\/webp\" \/>\n<meta name=\"twitter:card\" content=\"summary_large_image\" \/>\n<script type=\"application\/ld+json\" class=\"yoast-schema-graph\">{\"@context\":\"https:\\\/\\\/schema.org\",\"@graph\":[{\"@type\":\"WebPage\",\"@id\":\"https:\\\/\\\/hortec.org\\\/es\\\/agricultor\\\/miquel-queralt-vila\\\/\",\"url\":\"https:\\\/\\\/hortec.org\\\/es\\\/agricultor\\\/miquel-queralt-vila\\\/\",\"name\":\"Miquel Queralt Vila - Hortec | Agricultura ecol\u00f2gica\",\"isPartOf\":{\"@id\":\"https:\\\/\\\/hortec.org\\\/es\\\/#website\"},\"primaryImageOfPage\":{\"@id\":\"https:\\\/\\\/hortec.org\\\/es\\\/agricultor\\\/miquel-queralt-vila\\\/#primaryimage\"},\"image\":{\"@id\":\"https:\\\/\\\/hortec.org\\\/es\\\/agricultor\\\/miquel-queralt-vila\\\/#primaryimage\"},\"thumbnailUrl\":\"https:\\\/\\\/hortec.org\\\/wp-content\\\/uploads\\\/2025\\\/07\\\/miquel-queralt-hortec.webp\",\"datePublished\":\"2025-07-03T13:16:54+00:00\",\"breadcrumb\":{\"@id\":\"https:\\\/\\\/hortec.org\\\/es\\\/agricultor\\\/miquel-queralt-vila\\\/#breadcrumb\"},\"inLanguage\":\"es\",\"potentialAction\":[{\"@type\":\"ReadAction\",\"target\":[\"https:\\\/\\\/hortec.org\\\/es\\\/agricultor\\\/miquel-queralt-vila\\\/\"]}]},{\"@type\":\"ImageObject\",\"inLanguage\":\"es\",\"@id\":\"https:\\\/\\\/hortec.org\\\/es\\\/agricultor\\\/miquel-queralt-vila\\\/#primaryimage\",\"url\":\"https:\\\/\\\/hortec.org\\\/wp-content\\\/uploads\\\/2025\\\/07\\\/miquel-queralt-hortec.webp\",\"contentUrl\":\"https:\\\/\\\/hortec.org\\\/wp-content\\\/uploads\\\/2025\\\/07\\\/miquel-queralt-hortec.webp\",\"width\":1500,\"height\":1000},{\"@type\":\"BreadcrumbList\",\"@id\":\"https:\\\/\\\/hortec.org\\\/es\\\/agricultor\\\/miquel-queralt-vila\\\/#breadcrumb\",\"itemListElement\":[{\"@type\":\"ListItem\",\"position\":1,\"name\":\"Inici\",\"item\":\"https:\\\/\\\/hortec.org\\\/es\\\/\"},{\"@type\":\"ListItem\",\"position\":2,\"name\":\"Miquel Queralt Vila\"}]},{\"@type\":\"WebSite\",\"@id\":\"https:\\\/\\\/hortec.org\\\/es\\\/#website\",\"url\":\"https:\\\/\\\/hortec.org\\\/es\\\/\",\"name\":\"Hortec | Agricultura ecol\u00f2gica\",\"description\":\"Des de 1991 compromesos amb el petit comer\u00e7 i l&#039;agricultura ecol\u00f2gica de qualitat i proximitat\",\"potentialAction\":[{\"@type\":\"SearchAction\",\"target\":{\"@type\":\"EntryPoint\",\"urlTemplate\":\"https:\\\/\\\/hortec.org\\\/es\\\/?s={search_term_string}\"},\"query-input\":{\"@type\":\"PropertyValueSpecification\",\"valueRequired\":true,\"valueName\":\"search_term_string\"}}],\"inLanguage\":\"es\"}]}<\/script>\n<!-- \/ Yoast SEO plugin. -->","yoast_head_json":{"title":"Miquel Queralt Vila - Hortec | Agricultura ecol\u00f2gica","robots":{"index":"index","follow":"follow","max-snippet":"max-snippet:-1","max-image-preview":"max-image-preview:large","max-video-preview":"max-video-preview:-1"},"canonical":"https:\/\/hortec.org\/es\/agricultor\/miquel-queralt-vila\/","og_locale":"es_ES","og_type":"article","og_title":"Miquel Queralt Vila - Hortec | Agricultura ecol\u00f2gica","og_url":"https:\/\/hortec.org\/es\/agricultor\/miquel-queralt-vila\/","og_site_name":"Hortec | Agricultura ecol\u00f2gica","og_image":[{"width":1500,"height":1000,"url":"https:\/\/hortec.org\/wp-content\/uploads\/2025\/07\/miquel-queralt-hortec.webp","type":"image\/webp"}],"twitter_card":"summary_large_image","schema":{"@context":"https:\/\/schema.org","@graph":[{"@type":"WebPage","@id":"https:\/\/hortec.org\/es\/agricultor\/miquel-queralt-vila\/","url":"https:\/\/hortec.org\/es\/agricultor\/miquel-queralt-vila\/","name":"Miquel Queralt Vila - Hortec | Agricultura ecol\u00f2gica","isPartOf":{"@id":"https:\/\/hortec.org\/es\/#website"},"primaryImageOfPage":{"@id":"https:\/\/hortec.org\/es\/agricultor\/miquel-queralt-vila\/#primaryimage"},"image":{"@id":"https:\/\/hortec.org\/es\/agricultor\/miquel-queralt-vila\/#primaryimage"},"thumbnailUrl":"https:\/\/hortec.org\/wp-content\/uploads\/2025\/07\/miquel-queralt-hortec.webp","datePublished":"2025-07-03T13:16:54+00:00","breadcrumb":{"@id":"https:\/\/hortec.org\/es\/agricultor\/miquel-queralt-vila\/#breadcrumb"},"inLanguage":"es","potentialAction":[{"@type":"ReadAction","target":["https:\/\/hortec.org\/es\/agricultor\/miquel-queralt-vila\/"]}]},{"@type":"ImageObject","inLanguage":"es","@id":"https:\/\/hortec.org\/es\/agricultor\/miquel-queralt-vila\/#primaryimage","url":"https:\/\/hortec.org\/wp-content\/uploads\/2025\/07\/miquel-queralt-hortec.webp","contentUrl":"https:\/\/hortec.org\/wp-content\/uploads\/2025\/07\/miquel-queralt-hortec.webp","width":1500,"height":1000},{"@type":"BreadcrumbList","@id":"https:\/\/hortec.org\/es\/agricultor\/miquel-queralt-vila\/#breadcrumb","itemListElement":[{"@type":"ListItem","position":1,"name":"Inici","item":"https:\/\/hortec.org\/es\/"},{"@type":"ListItem","position":2,"name":"Miquel Queralt Vila"}]},{"@type":"WebSite","@id":"https:\/\/hortec.org\/es\/#website","url":"https:\/\/hortec.org\/es\/","name":"Hortec | Agricultura ecol\u00f2gica","description":"Des de 1991 compromesos amb el petit comer\u00e7 i l&#039;agricultura ecol\u00f2gica de qualitat i proximitat","potentialAction":[{"@type":"SearchAction","target":{"@type":"EntryPoint","urlTemplate":"https:\/\/hortec.org\/es\/?s={search_term_string}"},"query-input":{"@type":"PropertyValueSpecification","valueRequired":true,"valueName":"search_term_string"}}],"inLanguage":"es"}]}},"_links":{"self":[{"href":"https:\/\/hortec.org\/es\/wp-json\/wp\/v2\/agricultor\/394","targetHints":{"allow":["GET"]}}],"collection":[{"href":"https:\/\/hortec.org\/es\/wp-json\/wp\/v2\/agricultor"}],"about":[{"href":"https:\/\/hortec.org\/es\/wp-json\/wp\/v2\/types\/agricultor"}],"wp:featuredmedia":[{"embeddable":true,"href":"https:\/\/hortec.org\/es\/wp-json\/wp\/v2\/media\/221"}],"wp:attachment":[{"href":"https:\/\/hortec.org\/es\/wp-json\/wp\/v2\/media?parent=394"}],"curies":[{"name":"wp","href":"https:\/\/api.w.org\/{rel}","templated":true}]}}

<!-- This site is optimized with the Yoast SEO plugin v27.4 - https://yoast.com/product/yoast-seo-wordpress/ -->
<title>Miquel Queralt Vila - Hortec | Agricultura ecològica</title>
<meta name="robots" content="index, follow, max-snippet:-1, max-image-preview:large, max-video-preview:-1" />
<link rel="canonical" href="https://hortec.org/es/agricultor/miquel-queralt-vila/" />
<meta property="og:locale" content="es_ES" />
<meta property="og:type" content="article" />
<meta property="og:title" content="Miquel Queralt Vila - Hortec | Agricultura ecològica" />
<meta property="og:url" content="https://hortec.org/es/agricultor/miquel-queralt-vila/" />
<meta property="og:site_name" content="Hortec | Agricultura ecològica" />
<meta property="og:image" content="https://hortec.org/wp-content/uploads/2025/07/miquel-queralt-hortec.webp" />
	<meta property="og:image:width" content="1500" />
	<meta property="og:image:height" content="1000" />
	<meta property="og:image:type" content="image/webp" />
<meta name="twitter:card" content="summary_large_image" />
<script type="application/ld+json" class="yoast-schema-graph">{"@context":"https:\/\/schema.org","@graph":[{"@type":"WebPage","@id":"https:\/\/hortec.org\/es\/agricultor\/miquel-queralt-vila\/","url":"https:\/\/hortec.org\/es\/agricultor\/miquel-queralt-vila\/","name":"Miquel Queralt Vila - Hortec | Agricultura ecològica","isPartOf":{"@id":"https:\/\/hortec.org\/es\/#website"},"primaryImageOfPage":{"@id":"https:\/\/hortec.org\/es\/agricultor\/miquel-queralt-vila\/#primaryimage"},"image":{"@id":"https:\/\/hortec.org\/es\/agricultor\/miquel-queralt-vila\/#primaryimage"},"thumbnailUrl":"https:\/\/hortec.org\/wp-content\/uploads\/2025\/07\/miquel-queralt-hortec.webp","datePublished":"2025-07-03T13:16:54+00:00","breadcrumb":{"@id":"https:\/\/hortec.org\/es\/agricultor\/miquel-queralt-vila\/#breadcrumb"},"inLanguage":"es","potentialAction":[{"@type":"ReadAction","target":["https:\/\/hortec.org\/es\/agricultor\/miquel-queralt-vila\/"]}]},{"@type":"ImageObject","inLanguage":"es","@id":"https:\/\/hortec.org\/es\/agricultor\/miquel-queralt-vila\/#primaryimage","url":"https:\/\/hortec.org\/wp-content\/uploads\/2025\/07\/miquel-queralt-hortec.webp","contentUrl":"https:\/\/hortec.org\/wp-content\/uploads\/2025\/07\/miquel-queralt-hortec.webp","width":1500,"height":1000},{"@type":"BreadcrumbList","@id":"https:\/\/hortec.org\/es\/agricultor\/miquel-queralt-vila\/#breadcrumb","itemListElement":[{"@type":"ListItem","position":1,"name":"Inici","item":"https:\/\/hortec.org\/es\/"},{"@type":"ListItem","position":2,"name":"Miquel Queralt Vila"}]},{"@type":"WebSite","@id":"https:\/\/hortec.org\/es\/#website","url":"https:\/\/hortec.org\/es\/","name":"Hortec | Agricultura ecològica","description":"Des de 1991 compromesos amb el petit comerç i l&#039;agricultura ecològica de qualitat i proximitat","potentialAction":[{"@type":"SearchAction","target":{"@type":"EntryPoint","urlTemplate":"https:\/\/hortec.org\/es\/?s={search_term_string}"},"query-input":{"@type":"PropertyValueSpecification","valueRequired":true,"valueName":"search_term_string"}}],"inLanguage":"es"}]}</script>
<!-- / Yoast SEO plugin. -->

Miquel Queralt Vila - Hortec | Agricultura ecològica

Hortec | Agricultura ecològica

Des de 1991 compromesos amb el petit comerç i l&#039;agricultura ecològica de qualitat i proximitat
